at is (9 - 12) + 5 + -4 - (-1 + 1)?
-2
What is -6 - (-2 + (0 - 20) + 4) - 11?
1
12 + (-34 - (-34 + 4))
8
What is the value of 0 + (35 - (43 + -18))?
10
-9 - -5 - (3 - (6 + -2))
-3
Evaluate 18 - ((-15 - -25) + -6).
14
What is the value of (-29 - -1) + (52 - (85 - 46))?
-15
Evaluate (-1 + 11 - -6) + -9.
7
Evaluate (-49 - -30) + -16 - -31.
-4
(-6 - 9) + 10 - -14 - 5 - 22
-18
What is 6 + (4 - -1) + 234 + -229?
16
What is 4 - (19 + -9 + -7)?
1
What is the value of 10 + -3 - 10 - (1 + -1)?
-3
Calculate -7 + 8 - 28 - -26.
-1
Calculate 2 + (-3 - ((2 - 8) + 8)) + 5.
2
What is the value of -8 - (-4 - (-3 + 7)) - -8?
8
Evaluate -1 + 2 + (-5 - (-4 - 1 - -3)).
-2
What is 0 + (-21 - -25 - (2 + -1 + 4))?
-1
What is the value of (31 - 2) + (-71 - -24 - -34)?
16
What is 9 + 6 + -13 + 13?
15
What is the value of (15 - 15 - 12) + 1 + 7 - -11?
7
Calculate -1 + 15 + (11 - (8 - -9)).
8
Evaluate 2 + (-14 - -3) + 10.
1
What is the value of (-5 - (-9 - 1)) + -4 + -13 + 1?
-11
Calculate 6 + (2 - -7) + -7.
8
(-11 - 5) + -4 - -31
11
What is the value of 148 - 158 - (5 + -30)?
15
36 + (-6 - -3) - (-9 + 19)
23
What is -12 + 9 + (1 - -1) + -6 - 5?
-12
What is 8 - (-3 - (-5 + 6 + -5) - 1)?
8
What is the value of (-4 - -1) + -2 - (-117 + 109)?
3
What is 6 + -3 + 17 + -9 + (16 - 12)?
15
Evaluate -2 + 1 + (154 - 133).
20
Evaluate 10 + 5 - (3 + 35 - -2).
-25
(2 - (5 + 14)) + 1
-16
Evaluate 7 - (6 - 10 - -3) - 20.
-12
What is the value of (-23 - -58) + (-7 - 12)?
16
What is the value of (-8 - (-16 + 9)) + -11 + 4?
-8
Calculate 9 + (-30 - 39) + 28.
-32
What is the value of -8 + (-4 - (5 + -9)) + (-1 - -11)?
2
Evaluate (3 - (0 + 6)) + -3 - (858 - 855).
-9
What is 21 - (10 + 5 + 5 + -13)?
14
What is the value of 49 + -38 + -11 - (-1 + 0)?
1
Evaluate (-10 - -6 - -8 - (13 - -9)) + 8.
-10
Calculate (-23 - -31) + 3 + -4.
7
Evaluate 4 + -3 + 0 - (-5 - 2 - -11).
-3
What is 2 + 3 + -14 + 5 + -9?
-13
Evaluate -15 + -6 + 25 - (0 - -9).
-5
Calculate -2 + 3 + -1 + 0 + -1 - 0.
-1
-2 + -10 - (16 - (31 + -14))
-11
Evaluate -26 + -35 + 45 + 53.
37
Calculate (1 - (9 - -3) - -5) + 16.
10
(29 - (15 + -9)) + (-13 - -13) + 0
23
-8 + (-14 - (3 - 10) - -10)
-5
Calculate (3 - (10 - 0)) + 0 + 0 + 2.
-5
(-14 - -7 - -6 - (1 + 2)) + -3
-7
Evaluate (2 - -1) + ((-4 - -9) + -8 - 20).
-20
What is the value of (-8 + 3 + 8 - 1) + (2 - -2)?
6
What is the value of (1 - -6) + -145 + 124?
-14
-5 + (0 - 0) + -11 + 5
-11
What is the value of -15 + 11 + (-17 - -10)?
-11
(-12 - -8) + 4 - (-8 + 5 + 3)
0
Calculate (0 - 2) + -19 - (31 + -54 + 28).
-26
What is the value of -4 + (-9 - (-4 + -1 + (-20 - -15)))?
-3
Calculate 1 + 14 + (-1290 - -1251).
-24
What is the value of -3 + (9 - (12 + (4 - 3))) - -6?
-1
Evaluate -18 - -1 - -17 - 6.
-6
(1 - -9) + -18 + 13 - 9
-4
Calculate (170 - 190) + (6 - -1).
-13
Calculate 38 + 12 + (29 - 54).
25
What is the value of 26 - ((-20 - -45) + -18)?
19
What is (10 - (-5 - (-7 - 13))) + 12?
7
-1 + 6 - (-116 + 121)
0
What is the value of (-1 - 3) + -2 - (-24 + 6 - -31)?
-19
Calculate 1 + -7 + (132 - 143 - (-2 - 1)).
-14
What is (-83 - -89) + 10 + -2 + 1?
15
What is (8 - 3) + 69 + -89?
-15
Evaluate -86 + 92 + (-5 - (-1 + 1)) - -16.
17
What is -49 + 17 + 4 + 0?
-28
Calculate 5 - (-9 + 2 + 4 + -25 + 25).
8
Evaluate 16 + -2 + (27 - 16 - 21) + 12.
16
What is the value of (22 - (-2 + 22)) + -1?
1
Calculate 16 + (25 - 22) - 1.
18
Calculate -10 + -11 + (8 - 11) + 10.
-14
21 + 0 - (-55 + 69 + 4)
3
What is the value of (9 - 16) + -7 - -7 - 12?
-19
What is 10 - (37 - 24) - (-7 + -1)?
5
Evaluate -13 - (11 + (-43 - (9 + -20))).
8
What is the value of -10 + 6 + (-7 - (-4 + 5 + -3))?
-9
What is 4 - 7 - 1 - (-11 + -1)?
8
Calculate (124 - 137) + 17 + -1.
3
Calculate -10 + (-5 - 8) + 33 - 11.
-1
Calculate -7 - (-2 + -8 - (1 - 7) - 17).
14
-11 - (3 + -4 + -1) - 0
-9
(-18 - -1) + 112 + -88
7
-26 + (6 - -2 - (-13 - (-11 + -20)))
-36
What is the value of -19 + 9 + -3 + 18?
5
3 - -1 - (0 + (-13 + 11 - 3))
9
What is (-2 - -1) + -84 + 99?
14
What is the value of -14 + (14 - (-18 + 30))?
-12
-5 + -3 + 26 + -9 + 0
9
What is the value of 113 - 130 - (-1 - (-1 - -3))?
-14
Calculate 11 - (-70 + 19) - 28.
34
What is the value of (9 - 18) + 11 + -12?
-10
What is 21 + (-1 - 8 - (-17 + 13)) + -2?
14
What is (36 + -1 - 36) + -8 + 0 + 1?
-8
What is -11 - (-8 + 6 + -1 + -16)?
8
Evaluate -26 - (5 + (-17 - -1)).
-15
What is -91 + 79 + -6 + 4?
-14
Calculate -1 + 15 + -5 + -9 + 10.
10
Evaluate -3 + 1 + 0 + 2 + -4 + -4.
-8
Calculate 1 + 0 + (-92 - -74 - -39).
22
Calculate -29 - (18 - 8) - (-1 + -1 + 0).
-37
Calculate 7 + -29 - (-6 + (0 - 1)).
-15
Calculate -7 - (-6 + 0 + 3 + -38 + 48).
-14
-15 - (-15 + 3 + -3)
0
Calculate -6 + -1 + 3 + 11 + -3 + -4.
0
What is 13 + -18 + -7 + 5?
-7
Calculate (25 - -13) + (-15 - -3).
26
Evaluate -7 - -5 - ((3 + 1 - 3) + 4).
-7
What is (-22 - -39) + -7 + (2 - -4)?
16
What is the value of -176 + 159 + 37 + -1?
19
What is (17 - 16) + 24 + (2 - 10)?
17
-10 + 9 + 16 + -14
1
Evaluate 26 - (17 - 16 - (-6 + 1)).
20
Calculate 7 + (0 + -8 - -4 - 3).
0
Evaluate 7 + -2 + 7 - 13 - -2.
1
Calculate 1036 + -1049 + 27 + -1.
13
Evaluate 291 + -281 - (2 - 6).
14
What is the value of 13 + -3 + -21 - (3 + -3 + 0)?
-11
8 + (-9 - 0) + (-3 - -4)
0
What is 11 - (-2 + (7 - 0))?
6
Calculate (-11 - -12) + -36 + 1.
-34
What is the value of 39 + 1 + -1 + 8 + -23?
24
2 + 2 + -8 + (5 - 10) + 9
0
What is the value of 21 - (-26 - 4 - -67)?
-16
What is the value of 72 + -38 - (2 + 16)?
16
What is (1 - -6 - 0) + (40 - 47)?
0
What is -16 + (-17 - -13 - -16)?
-4
Calculate -4 - 5 - (13 - 14 - -2).
-10
What is 8 - ((22 - 4) + 61 + -56)?
-15
What is the value of 1 - (-5 + 13 + -12 + 2 + 6)?
-3
-2 + (-20 + -17 + 45 - (-4 + -1))
11
Evaluate -122 + 126 - (-2 + 1).
5
-8 + -15 + (7 - -6) - -34
24
Calculate -1 + (-5 - -7) - -8 - (2 - 7).
14
What is (-20 - (8 + -38)) + -14?
-4
Evaluate (-4 - (14 - 5) - -31) + 0 + -4.
14
What is (8 + -27 - -16) + (5 - -2)?
4
1120 - 1140 - (0 - 0)
-20
-2 + 1 + 4 + 2 + -8 + 15
12
What is (12 - -47) + -21 + -20?
18
What is the value of (-8 - -9 - -12) + -14?
-1
What is (14 - 5) + -5 + -33 + 4 + 7?
-18
Calculate -3 - (0 + 1 + 2 - (-1 + 4)).
-3
Evaluate 10 + (-4 - 4) + (-2 + -24 - -2).
-22
(7 - 8) + 0 + 4 + 1 - -12
16
What is the value of 1 - -1 - 22 - (-153 - -144)?
-11
Evaluate (-14 - -2) + (723 - 733).
-22
What is (1 - 0 - (287 - 314)) + -2?
26
Calculate (-8 - (7 + -15)) + (10 - 1) - 37.
-28
What is -2 - 8 - (16 + (15 - 35) - 24)?
18
What is the value of (-4 - -3) + -11 + 10 + 0?
-2
What is the value of 29 + 0 + (-63 - -28)?
-6
(1 - 1) + (-9 - (16 - (13 - -22)))
10
What is (415 - 437) + (1 - 9) + 0?
-30
What is 5 + 16 - (-2 + -11 + 19 - 0)?
15
Evaluate -30 + (-5 - -25 - -31).
21
Calculate (-42 - -39) + (0 - 0 - (-23 - -17)).
3
What is (-36 + 28 - -26) + (-6 - -1)?
13
What is -3 + -2 + 6 + 1 + 5 + 0?
7
Calculate 2 - 2 - (-2 + 2) - -3 - -4.
7
Calculate (-6 - 0) + (2 - 3 - 0) - -23.
16
What is (0 - -1) + 14 - (-26 + 30)?
11
What is the value of -106 - -56 - -36 - (3 - 1)?
-16
4 + 0 + -7 - 1
-4
18 + -18 + 4 + (5 - -4)
13
(0 - 0) + 8 - (-2 - (-21 + -24))
-35
What is 3 + 3 + (-150 - -131)?
-13
2 - 0 - (-6 - -5 - (-5 + 9))
7
What is 6 + (-12 - 11 - -10)?
-7
What is -1 - ((-5 - -13) + 0 + -4) - 6?
-11
25 - 18 - -13 - -9
29
What is the value of -8 + -7 + 18 - -9 - 20?
-8
Calculate -3 - 1 - ((0 - 13 - -6) + 2).
1
2 + 21 - (5 - -7)
11
What is 1 + 1 + -2 - -1?
1
Evaluate -39 - (-30 + (30 - 21)).
-18
What is -16 - 2 - (220 - 250)?
12
What is -5 + (-27 - (166 - 156 - (8 - -1)))?
-33
What is the value of (-3 + -5 - (-31 - (12 + -6))) + -4?
25
Calculate -99 + 135 + (2 - 16).
22
What is -49 + (-1 - (-12 + -7)) - -16?
-15
What is 6 + (-16 - -26 - (3 - -25))?
-12
-13 + -10 + 33 - (1 - -15)
-6
Evaluate 12 + -27 - (3 + -22).
4
What is the value of (-1 + 7 - 6 - (-6 - 2)) + 17?
25
What is the value of 30 + (11 - 9) + -24?
8
Calculate (11 - (8 + -2)) + (9 - 23).
-9
Calculate 35 + -4 + 3 + -8 + -4.
22
2 - 4 - (1 - 24 - (87 - 100))
8
What is the value of -31 + (12 + -10 - -8)?
-21
What is 10 + (4 - 17) + 20?
17
What is the value of 8 + -19 + 13 + -38?
-36
Evaluate (8 - (2 - 1)) + 8 + -26.
-11
Evaluate (27 - 35 - (-1 + -4)) + 4.
1
(1 + -6 - -15 - 50) + 10
-30
Calculate -4 + (4 - -5) - (-10 - (3 + -2)).
16
Evaluate -15 + (-1 + -8 - (2 + -10)).
-